ulate q(-3).
367
Let j(h) = 963*h - 31423. What is j(35)?
2282
Let k(b) = 1323*b**2 + 14528*b + 4. Give k(-11).
279
Let s(o) = -2*o**3 + 22*o**2 - 24283*o + 267135. Calculate s(11).
22
Let d(f) = f**3 + 7*f**2 - 309*f - 1876. Determine d(-6).
14
Let z(d) = d**3 - 42*d**2 - 367*d + 1170. What is z(49)?
-6
Let l(s) = s**3 - 64*s**2 + 60*s - 2520. Give l(64).
1320
Let k(s) = -s**2 - 520590*s - 1561764. What is k(-3)?
-3
Let s(h) = 381968*h + 15660695. Calculate s(-41).
7
Let l(i) = -174*i + 76903. Determine l(442).
-5
Let l(f) = 4*f**2 - 320*f - 1932. Determine l(-6).
132
Let k(x) = 73*x**2 + 1052*x - 1074. What is k(1)?
51
Let v(l) = -519*l + 536. Calculate v(1).
17
Let c(p) = -4866*p - 8016. Determine c(-2).
1716
Let a(m) = 68*m - 77. What is a(3)?
127
Let u(g) = 551*g + 55752. What is u(-101)?
101
Let d(t) = 223*t - 15308. Give d(38).
-6834
Let q(b) = 4*b**2 - 708*b + 1971. What is q(174)?
-117
Let u(q) = -275*q - 1750. What is u(-4)?
-650
Let r(g) = -62*g**2 - 8729*g + 1840. Calculate r(-141).
7
Let b(h) = 546*h - 25436. Give b(47).
226
Let w(m) = 514*m + 7675. Calculate w(-15).
-35
Let m(n) = 177*n**2 + 628*n - 11. What is m(-5)?
1274
Let a(c) = c**2 - 587*c - 14649. Calculate a(611).
15
Let w(g) = 2*g**3 - 57*g**2 + 3*g + 590. What is w(28)?
-110
Let a(f) = -f**3 - 44*f**2 + 343*f - 133. Determine a(6).
125
Let d(v) = 45*v**3 - 3105*v**2 - 7*v + 215. Calculate d(69).
-268
Let n(i) = i**2 + 141*i + 874. Calculate n(-7).
-64
Let p(h) = -3*h**3 + 381*h**2 + h + 270. Calculate p(127).
397
Let k(q) = 1040*q**3 + 9*q**2 - 7*q + 2. What is k(1)?
1044
Let v(d) = 168*d**2 - 5183*d - 593. Calculate v(31).
182
Let r(x) = 26383*x - 79149. Determine r(3).
0
Let b(c) = 5*c**3 + 29*c**2 - 143*c - 449. What is b(-8)?
-9
Let s(g) = -2*g**3 - 99*g**2 - 49*g - 114. Give s(-49).
-114
Let b(m) = m**3 - m**2 - 71*m + 311. What is b(5)?
56
Let z(o) = -152*o**2 - 231*o + 558. Give z(3).
-1503
Let v(i) = 3107*i - 124270. What is v(40)?
10
Let v(b) = 6*b**2 - 860*b - 2549. Give v(147).
685
Let d(k) = k**2 - 1874*k - 55164. Determine d(-29).
23
Let i(k) = -15*k**2 + 1896*k + 43933. What is i(-20)?
13
Let m(j) = j**3 - 252*j**2 + 8823*j - 126. What is m(42)?
0
Let a(f) = f**3 + 19*f**2 - 300*f + 85. Determine a(-29).
375
Let v(o) = o**3 - 93*o**2 - 763*o - 4538. Give v(101).
7
Let r(n) = 2*n**3 - 41*n**2 - 47*n + 38. Determine r(21).
-508
Let m(i) = -1028*i + 16284. Determine m(16).
-164
Let j(b) = b**3 - 73*b**2 + 108*b + 2608. Determine j(71).
194
Let p(b) = 631*b + 111708. What is p(-177)?
21
Let j(x) = 2*x**2 + 6687*x + 26731. Give j(-4).
15
Let z(l) = -962*l + 146191. Calculate z(152).
-33
Let z(b) = 46*b**3 - 277*b**2 - 1719*b + 10349. What is z(6)?
-1
Let m(w) = -15*w**2 + 3130*w - 6. Calculate m(210).
-4206
Let d(a) = -1349*a + 31035. Calculate d(23).
8
Let g(h) = -3*h**2 + 836*h - 24093. Calculate g(31).
-1060
Let i(v) = -v**3 + 2745*v**2 - 576163*v - 186. Determine i(229).
43
Let h(n) = 243855*n + 1219274. Give h(-5).
-1
Let w(p) = 2*p**3 - 26*p**2 - 1010*p - 4387. Calculate w(-13).
-45
Let v(z) = -3*z**2 - 157*z - 2116. Give v(-44).
-1016
Let k(x) = -3*x**3 + 258*x**2 - 1671*x + 905. Calculate k(79).
-43
Let z(r) = -r**3 + 21*r**2 - 30*r + 127. Give z(17).
773
Let y(l) = -l**3 + 146*l**2 - 11915*l + 1674293. Give y(144).
5
Let y(o) = -o**3 - 21*o**2 - 77*o - 1769. Determine y(-21).
-152
Let t(s) = s**2 - 242104*s - 1694772. What is t(-7)?
5
Let u(t) = -464*t - 98370. What is u(-212)?
-2
Let i(v) = 15*v**3 + 119*v**2 - 64*v - 418. What is i(-8)?
30
Let b(z) = 6*z**3 - 3410*z**2 - 2275*z - 611. Give b(569).
-42
Let u(l) = -2*l**3 - 13*l**2 + 14*l + 57. Give u(-12).
1473
Let b(a) = -8*a**2 - 376*a + 23907. Give b(36).
3
Let o(t) = -2*t**3 + 756*t**2 - 3000*t + 2940. Give o(374).
-52
Let m(a) = -10515*a**2 + 42064*a - 12. Determine m(4).
4
Let p(t) = -10598*t + 3370164. Determine p(318).
0
Let n(u) = 37*u**2 - 3378*u + 666. Give n(91).
-335
Let t(f) = -f**3 - 15*f**2 + 442*f + 1522. Determine t(-28).
-662
Let u(f) = f**2 + 80*f + 1139. Give u(-21).
-100
Let k(a) = 2*a**3 - 43*a**2 - 27*a + 2321. What is k(19)?
3
Let g(x) = 5*x**3 + 1800*x**2 - 14718*x + 701. What is g(-368)?
-35
Let h(g) = -487*g + 10297. Give h(16).
2505
Let m(f) = f**3 - 327*f**2 + 460*f - 43661. Determine m(326).
23
Let u(o) = 6*o**2 - 389*o - 5278. What is u(-13)?
793
Let g(x) = x**2 + 110*x - 145. Give g(0).
-145
Let r(c) = -3*c**2 + 71*c + 709. Calculate r(-8).
-51
Let n(z) = -149*z**3 - 535*z**2 + 432*z + 748. Give n(-4).
-4
Let a(u) = -u**2 - 116*u + 49782. Give a(178).
-2550
Let f(l) = 8238*l**2 + 2*l - 11. Give f(0).
-11
Let k(u) = -3197*u - 1304391. Give k(-408).
-15
Let z(a) = -405*a + 10755. Calculate z(27).
-180
Let z(j) = 2*j**3 + 37*j**2 - 217*j - 3. Determine z(8).
1653
Let f(d) = -5*d**2 + 379*d + 268. Give f(74).
934
Let z(m) = -2*m**3 + 534*m**2 - 744*m + 56454. What is z(266)?
62
Let r(w) = -16*w**3 - 98*w**2 - 23*w - 78. Give r(-6).
-12
Let h(j) = -2*j**2 + 461*j + 4125. Determine h(-9).
-186
Let r(c) = -323*c - 28723. Give r(-89).
24
Let h(q) = -12*q**2 - 1000*q - 343. What is h(-83)?
-11
Let y(o) = 4*o**2 - 4056*o - 28641. Give y(-7).
-53
Let v(t) = -54*t + 1584. Determine v(7).
1206
Let m(g) = -6557*g - 550694. Calculate m(-84).
94
Let s(p) = 2*p**2 + 1315*p + 37654. Determine s(-30).
4
Let j(b) = 2*b**3 + 24*b**2 + 67*b + 886. What is j(-12)?
82
Let k(b) = 70713*b - 211621. Calculate k(3).
518
Let i(k) = 3*k**2 - 960*k + 5387. Give i(6).
-265
Let c(q) = q**3 + 59*q**2 + 59*q - 2. Give c(-58).
-60
Let h(g) = 249*g**2 + 14957*g + 139. Determine h(-60).
-881
Let i(q) = 399*q + 985. What is i(-3)?
-212
Let r(u) = 563*u - 14458. Determine r(26).
180
Let b(a) = 75*a + 4949. What is b(-71)?
-376
Let l(r) = 60*r**2 + 93*r - 493. Calculate l(2).
-67
Let i(k) = -18409*k - 36823. Give i(-2).
-5
Let m(b) = -2*b**2 + 165*b + 3362. Calculate m(-19).
-495
Let m(f) = 9557*f + 11181716. Calculate m(-1170).
26
Let y(n) = -6412*n + 371823. Calculate y(58).
-73
Let g(j) = -67254*j + 2353895. Calculate g(35).
5
Let a(w) = w**3 - 134*w**2 + 93*w + 5255. What is a(133)?
-65
Let j(z) = -508*z**3 - 3*z**2 + 11*z - 9. Determine j(1).
-509
Let x(r) = 191062*r - 10890529. Determine x(57).
5
Let r(d) = -d**3 + 25*d**2 + 4776*d - 115111. Calculate r(24).
89
Let v(o) = 3*o**3 + 88*o**2 - 45*o - 79. Give v(-29).
2067
Let o(q) = 15239*q - 2102982. Determine o(138).
0
Let l(u) = 235*u**2 + 18*u + 21. What is l(-1)?
238
Let l(f) = f**3 - 43*f**2 - 2*f + 2653. What is l(0)?
2653
Let z(a) = 329659*a - 23405788. Determine z(71).
1
Let v(q) = -6364*q + 2119209. What is v(333)?
-3
Let s(k) = 5252*k + 3098691. Calculate s(-590).
11
Let o(l) = l**2 - 121*l - 39854. Calculate o(-148).
-42
Let x(q) = 1924491*q - 11546944. Determine x(6).
2
Let c(m) = -2*m**2 + 571203*m - 8567599. What is c(15)?
-4
Let u(z) = -2281*z - 14756. Determine u(-6).
-1070
Let i(r) = -r**2 + 95*r + 3597. What is i(109)?
2071
Let y(s) = 2*s**3 + 302*s**2 - 3901*s + 1770. Give y(-163).
-23
Let r(g) = 407199*g - 3257602. Calculate r(8).
-10
Let x(f) = f**3 + 24*f**2 - 180*f - 4621. Calculate x(-23).
48
Let v(a) = 3894*a - 1009. Give v(1).
2885
Let l(h) = 4662*h - 4774. Give l(1).
-112
Let b(j) = -675*j**2 - 9360*j + 9362. Determine b(1).
-673
Let s(l) = -l**3 - 46*l**2 - 456*l + 478. Calculate s(-31).
199
Let n(l) = l**2 - 312*l + 15648. What is n(246)?
-588
Let z(s) = s**3 + 223*s**2 + 7323*s + 70. Determine z(-40).
-50
Let x(y) = 1993*y + 2160. Determine x(-1).
167
Let t(z) = -3*z**3 + 337*z**2 - 1410*z + 663. What is t(108)?
15
Let j(y) = -10*y**2 - 5627*y + 173462. Give j(-592).
6
Let x(w) = 2562*w - 161368. Determine x(63).
38
Let j(v) = v**3 - 93*v**2 + 880*v + 1666. What is j(82)?
-138
Let g(a) = 170*a**2 + 35696*a - 254. Give g(-210).
586
Let o(h) = -144*h**3 - 6*h**2 + 72*h + 166. Calculate o(-2).
1150
Let u(s) = 478*s + 29. Give u(2).
985
Let y(g) = -g**2 - 758*g - 13828. Determine y(-19).
213
Let d(f) = f**3 - 15*f**2 - 165*f + 15. Determine d(0).
15
Let b(r) = -4*r**3 + 396*r**2 + 6330*r - 26. Calculate b(-14).
-54
Let l(x) = -34*x**2 - 156*x + 317. Determine l(2).
-131
Let y(m) = -15268*m + 198385. Determine y(13).
-99
Let y(x) = 79*x + 16820. Calculate y(-212).
72
Let o(d) = 2771*d + 141470. Determine o(-51).
149
Let a(x)